f c and n.
15
Let n be 42/(-7)*(-5)/(-2). Let l(g) = -g**2 - 15*g + 18. Let s be l(n). What is the greatest common factor of 36 and s?
18
Let v = -70 - -103. What is the highest common factor of 858 and v?
33
Let c(q) = -4*q + 8. Let v be c(9). Let f = 17 + v. Let a = 13 + f. Calculate the highest common divisor of a and 5.
1
Let f(g) = g**2 + 3*g - 6. Let b be f(-5). Suppose 9 = b*j - 27. Suppose 15*q - 541 - 944 = 0. What is the highest common divisor of j and q?
9
Suppose 0*v - 5*v + 50 = 0. Calculate the greatest common divisor of 590 and v.
10
Let u(g) = g**2 + 21*g - 86. Let a be u(-26). Calculate the greatest common factor of a and 66.
22
Let o be 0/(3/(5 - 2)). Suppose 5*l - 33 = 2*l + 5*b, o = -2*b. What is the highest common factor of l and 11?
11
Suppose -55*t = -46*t - 72. What is the highest common factor of 108 and t?
4
Let k(z) = z**3 + 3*z**2 - 4*z + 2. Let u be k(2). What is the greatest common divisor of 686 and u?
14
Suppose -99*v = -83*v - 61008. What is the greatest common divisor of v and 123?
123
Let u(k) = -18*k + 13. Let w be u(-2). What is the greatest common divisor of w and 98?
49
Let c = 2300 + -150. Calculate the highest common divisor of 86 and c.
86
Let u = -39 - -44. Suppose -u*r = -9*r + 320. What is the highest common divisor of r and 10?
10
Suppose 2*m = -9*m - 242. Let w be m*(-2 + 4/(-4)). Calculate the greatest common divisor of w and 44.
22
Suppose 5*c + 4*q = 42, -3*c - 6*q + q + 20 = 0. Let i(s) = 9*s - 18. Let l be i(c). Let w = -46 - -64. What is the highest common factor of l and w?
18
Suppose t = 3*d - 0*d + 5, -4*d + 15 = 3*t. Suppose -z + t*m + 13 + 10 = 0, m = -2*z + 35. Calculate the greatest common divisor of z and 24.
6
Suppose 9*t = 944 + 2017. Calculate the highest common factor of t and 42.
7
Suppose -3*i + 0*t + 3*t + 57 = 0, 52 = 3*i - 2*t. Let c = -10 + 45. Calculate the greatest common factor of c and i.
7
Suppose 5*f = -15, 0 = 3*x + 3*f - 6 - 3. Let n = -10 + 22. What is the highest common factor of x and n?
6
Let r = -18 + 31. Let w = 23 - r. Let y be (-1118)/(-6) + w/15. Calculate the greatest common factor of 17 and y.
17
Let a(c) = -94*c + 402. Let v be a(3). Calculate the highest common divisor of v and 66.
6
Let c(o) = -47*o + 134. Let i be c(-4). Let d be (-2 + (-8)/(-2))*23. Calculate the highest common factor of i and d.
46
Let i(v) = 5*v + 48. Let h be i(-6). What is the greatest common factor of 102 and h?
6
Suppose -4*k + 104 = 3*z, -4*z + 2*z + 2*k = -74. Calculate the greatest common factor of 54 and z.
18
Let o(y) = y**3 + 17*y**2 - 18*y + 2. Let r be o(-18). Suppose 18 = 5*x - r*x. Calculate the highest common divisor of 42 and x.
6
Let i(v) = v + 2. Let y be i(-3). Let z be (y - -17)/(-4 - -6). Let q be 6/z - (-105)/20. What is the greatest common factor of q and 18?
6
Let p = 1214 - 1018. Calculate the greatest common factor of 147 and p.
49
Let b(x) = 2*x**2 + 19*x + 32. Let p be b(4). Calculate the greatest common divisor of p and 175.
35
Suppose -83*c = -128*c + 29520. What is the greatest common factor of c and 16?
16
Let c be 1536/48 + (0 - 0). Calculate the highest common divisor of c and 136.
8
Let j = 20 - 16. Let z be (-764)/(-20) - j/(-5). What is the greatest common factor of z and 13?
13
Let s be 944/40 - (-32)/80. Suppose -5*q = -342 - 198. Suppose 0*j - 3*j + q = 0. What is the highest common factor of s and j?
12
Suppose -3*r = n + 6, -4*n + r = -28 - 0. Suppose 0*x - n*x = -42. Let w(z) = 2*z + 1. Let l be w(3). What is the highest common factor of x and l?
7
Suppose -762 = -3*o - 3*d + 5*d, d = -3. Calculate the highest common factor of 56 and o.
28
Suppose -d - 1 + 10 = -4*n, 0 = -n + 3*d - 16. Let c be 15/((n - 2) + 4). What is the greatest common divisor of 30 and c?
15
Let u = 38 + -35. Suppose u*y - 5*y = -28. Calculate the highest common divisor of y and 7.
7
Suppose -4*w + 0*s + 292 = -4*s, -s = 4*w - 287. Suppose w = 3*q - q. Calculate the highest common divisor of 24 and q.
12
Let y = -390 + 1092. Calculate the highest common factor of 54 and y.
54
Suppose -136 = -19*h + 2505. Let r = 165 - h. Calculate the greatest common divisor of r and 182.
26
Suppose 4*v + 2*j - 274 = 0, 2*v - 142 = -0*j - 2*j. Let o be -3 + 2/1 - -1. Suppose o = -6*w + w + 220. Calculate the greatest common divisor of w and v.
22
Let s be 7/(((-18)/(-408))/(12/16)). Calculate the greatest common factor of s and 51.
17
Let j be 5/(10/26) + -3. Let g(s) = s**2 - 4*s - 1. Let o be g(6). Let y = 121 - o. What is the greatest common divisor of y and j?
10
Suppose -30*r - 112 = -38*r. Calculate the highest common factor of 154 and r.
14
Let g be 4/5*(20 - -5). Suppose g = 2*h + 5*d, 0 = -0*d - 5*d - 10. Let n be 4/(-6)*(-90)/4. What is the greatest common divisor of n and h?
15
Let d(p) = -139*p - 333. Let x be d(-3). Suppose 2*m = 4*t + 84, -t = -3*m + 2*t + 126. Calculate the highest common divisor of m and x.
42
Let a be 9/(-15)*-5 + 0 + (0 - 0). Suppose -j = 3*j - 96. Calculate the highest common divisor of j and a.
3
Let z(m) = 7*m**3 + 3*m**2 - 3*m + 1. Suppose -d = 6*d - 7. Let b be z(d). Calculate the highest common factor of b and 24.
8
Let k be -4 + 0 - (-13 + 5). Suppose -d - 3*y - 7 = 4*d, y = k*d - 8. Let x be (-2)/(-4) - (-63)/14. Calculate the greatest common factor of d and x.
1
Let k be 4*(-3)/(-12) - (-5 - 2). Let m = k - -160. Calculate the highest common factor of 24 and m.
24
Suppose -w = 3*z - 11, 2*w + 6 = -w + 4*z. What is the highest common factor of 8 and w?
2
Suppose 4*k - 41 = -1. Let i be 4/((-28)/(-105))*1. What is the greatest common divisor of i and k?
5
Suppose 2*o + q = 6, 5*q - 14 = -7*o + 5*o. Suppose -3*n - o*n = -5*h + 260, 5*h - n = 244. Calculate the highest common factor of h and 6.
6
Let l be (1 - 31)/((-3)/2). Let z be (14/(-4) - -1)/(2/(-4)). Suppose -2*i = z*d - 102, 2*d - i - 37 = 2. Calculate the highest common factor of d and l.
20
Let j = 109 + -82. Let r = 9 + -4. Suppose -b + 3*w + 109 = -14, -r*b - w + 679 = 0. What is the greatest common divisor of b and j?
27
Suppose -y + 7 = 2. Suppose 8*w = y*w - 39. Let k = 25 + w. What is the greatest common factor of k and 12?
12
Suppose 620 = 38*u - 368. Suppose a + a = 0. Suppose a = 2*y - 295 + 87. What is the greatest common divisor of y and u?
26
Let l(u) = u**2 + 6*u - 4. Let b be l(-12). What is the highest common factor of 17 and b?
17
Let z be 5/15*1 + (-265)/(-15). What is the highest common factor of z and 171?
9
Let r = -58 - -60. Let g(w) = w**3 + w**2 + w - 3. Let u be g(r). Calculate the highest common divisor of u and 22.
11
Let j be 4/18 + 1209/27. What is the highest common factor of 27 and j?
9
Suppose -7 = -2*v + 1. Suppose 0 = v*j + 2*y - 12, 6*j - 2*j - y = 6. What is the highest common factor of 2 and j?
2
Let k be 74/2 - 42/14. Calculate the highest common divisor of k and 136.
34
Let r = -413 - -416. What is the highest common factor of r and 27?
3
Let c(y) = 3*y**2 - 36*y + 181. Let m be c(7). Calculate the highest common factor of m and 10.
2
Suppose -2 = -t, -5*q - 2*t = -55 + 1. Let d(s) = s**2 - 6*s - 13. Let o be d(q). Calculate the greatest common divisor of o and 36.
9
Suppose -4*t - 7 - 1 = 0, 2 = 5*j + 4*t. Suppose -3*l - 2*l = 3*y - 168, 0 = -j*l - 5*y + 52. What is the highest common divisor of l and 12?
12
Let s(z) = 16*z - 192. Let g be s(20). What is the greatest common factor of g and 80?
16
Suppose -2*c - 96 = -h - 461, 0 = 5*c - 4*h - 920. What is the highest common divisor of c and 108?
36
Let c = -23 + 26. Suppose -5*z + 785 = c*w + 2*w, 5*z = -4*w + 784. What is the highest common divisor of z and 39?
39
Let y(c) = -c. Let s(n) = n**3 - 15*n**2 - 20*n - 18. Let a(f) = -s(f) + 3*y(f). Let t be a(16). Calculate the greatest common divisor of t and 51.
17
Let k = 13 + 21. Suppose -u = -k - 30. Calculate the highest common factor of 32 and u.
32
Suppose 0 = 2*j + 2*o + 8, -2*j + 8 = -4*o + 2*o. Suppose v + 4*v + 4*w = 45, 3*w = j. Let k be 3/2*24/v. Calculate the highest common factor of 6 and k.
2
Let r(z) = 55*z**3 - 4*z**2 + 3*z - 2. Let w be r(2). Calculate the greatest common divisor of w and 321.
107
Let u(g) = -g**2 + 8*g + 0*g**3 - 23 - 13*g**2 + 7*g**2 + g**3. Let w be u(7). What is the greatest common factor of w and 363?
33
L